ite number?
False
Let y(r) = 29*r + 3. Let x be y(-4). Let h = 113 + x. Suppose -242 = -h*q - 2*q. Is q a composite number?
True
Suppose -261*u + 258*u + 21 = 0. Is 465 + (-20)/(-35) + 3/u a composite number?
True
Suppose 0 = -98*h + 39*h + 2513695. Is h a composite number?
True
Let b be 0 + 3 + ((-24)/6 - -64). Suppose -594 = -2*n + 2*c, 4*n - 1116 - b = c. Suppose 2*j + 4*f - n = 222, 5*j - 1266 = 2*f. Is j composite?
True
Let g(j) be the first derivative of -j**4/4 + 2*j**3 + 3*j**2 - j + 11. Let u be g(6). Suppose -31*r = -u*r + 236. Is r a prime number?
True
Suppose 45*g = 62*g - 12903. Let w = g - -250. Is w a composite number?
False
Let p = 383 - 380. Suppose 6*b = p*b + 3945. Is b a prime number?
False
Let r(o) be the second derivative of 557/6*o**3 + 0 - 7*o - 11/2*o**2. Is r(6) prime?
True
Suppose -5 = -5*y + 5*s, 9*y - 6*y - 2*s = 5. Suppose -y*d = 3*p - 4*d - 1224, 5*p + 2*d = 2051. Is p a composite number?
False
Let c be (-62)/(-6) - (-2)/3. Suppose c*v - 21 = 1. Suppose b - 114 + 1122 = 4*g, 3*g + v*b = 745. Is g composite?
False
Suppose 115*i = -7*i - 49*i + 24724719. Is i a prime number?
True
Let h be 36/(-21) - 4/14. Let w be 80/h*2/2. Let u = w + 239. Is u composite?
False
Suppose -32*r + 9*r - 23 = 0. Is 4 - (r + 790)*-3 prime?
True
Suppose -5*z = -4*x - 888677, -3*x - 888679 = 53*z - 58*z. Is z a prime number?
False
Suppose 5*p = 5*w + 156725, 4*p - 2*w - 187469 = -62079. Let c = 577 + p. Is c a composite number?
True
Suppose 0 = f + 3*f - 48. Let v(g) = 13*g**3 + 14*g**2 - 11*g + 43. Is v(f) a prime number?
True
Let x = 68350 - 7139. Is x a composite number?
False
Let b(x) = 124048*x**3 + 4*x**2 - 2*x. Let l be b(1). Suppose -20*z + l = -247810. Is z a composite number?
False
Let y = 4 - 0. Let j = 13948 + -8054. Suppose 11*z - y*z = j. Is z a composite number?
True
Suppose 0 = 3*t + 4*j - 536377, -13*j + 8*j - 10 = 0. Is t a prime number?
False
Suppose -2*i = 3*x - 166355, 3*i - 76*x = -74*x + 249539. Is i composite?
True
Let s = -170405 + 248218. Is s composite?
False
Suppose c - 203 - 25669 = -2*l, 5*c - 38822 = -3*l. Is l/6 - 24/36 a composite number?
True
Let c = -10924 - -28451. Is c a composite number?
True
Is 83786 + (-14)/(-7) + (-15)/(-5) prime?
True
Let l = 59 - 34. Suppose -l = -2*h - 3*p, -2*h + 2*p - 4*p = -22. Let n(c) = 6*c + 11. Is n(h) a composite number?
False
Let r be -5 + 5/(5/44). Suppose 18485 = -34*a + r*a. Is a prime?
True
Let t(y) = 70*y**3 - 62*y**2 + 333*y + 22. Is t(5) composite?
False
Suppose -144 = 6*m - 888. Suppose -14*v = -16*v + m. Suppose 11*u - 13*u = -v. Is u a prime number?
True
Let l = 8709 - -129340. Is l composite?
True
Let q be 10/(-15 - -17 - 24/10). Is 10/q*-5 - (-5733 + -2) prime?
True
Suppose -17*x = -x - 6758926 - 14945890. Is x prime?
False
Let z(v) = 63*v**3 - v. Let q(r) = -2*r - 22. Let s be q(-10). Let i be 0*(s + 1 + 0) - -2. Is z(i) a composite number?
True
Let l(s) = -8*s**3 - 141*s**2 - 76*s + 865. Is l(-56) prime?
True
Let j = -130838 + 356691. Is j a prime number?
False
Suppose 95 = -5*v + 5*z, 10*z - 5*z + 85 = -4*v. Is (-12)/v - 6128/(-20) prime?
True
Let f(o) = -3*o + 2. Let x = 7 - 7. Let i be f(x). Suppose -3738 = -4*g - i*r, 5*r = 4*g - 8*g + 3723. Is g a prime number?
True
Let c be 54/(-45)*5 - -11. Suppose -8*z - 540 = -c*q - 3*z, 3*q = 4*z + 323. Is q a composite number?
False
Let m be (-20)/6 + 2/(-3). Let r = 682 + -1856. Is (9 - 7)*r/m a composite number?
False
Let z be ((-5)/10)/(3/(-12)). Is ((-2)/6)/(z/(-7286))*3 composite?
False
Let c(q) = 10166*q**2 - 50*q - 239. Is c(-5) a composite number?
False
Suppose 0 = -2*k + 348 + 102. Suppose k*q - 227*q + 13798 = 0. Is q a prime number?
True
Let v be 3/4 + (-156)/(-48). Suppose -4*g + v*w + 681 = -67, w - 565 = -3*g. Let t = 445 - g. Is t prime?
True
Suppose -5*p = -8*p - 4*f + 28985, -3*f + 19322 = 2*p. Suppose 0 = -5*h + 2*v - v + 48316, h = 4*v + p. Is h a composite number?
True
Let c = 8836 - 730. Suppose -2*m - 1708 = -c. Is m prime?
False
Let l = 200 - 204. Let s(p) = -170*p + 23. Is s(l) composite?
True
Let s = -424 + 430. Suppose 48*k = s*k + 20958. Is k a prime number?
True
Suppose 0 = -31*f + 2517180 + 2302669. Is f a composite number?
True
Let k(w) be the third derivative of 13*w**6/60 - 3*w**5/20 + 3*w**4/4 - 3*w**3 - 85*w**2. Is k(5) composite?
True
Is (-27025740)/(-225) + (-36)/15 + 3 a composite number?
True
Let v(f) be the first derivative of -13*f**4/4 - 4*f**3 - 7*f**2 + 8*f - 92. Is v(-7) composite?
True
Let l(n) = 9796*n**2 + 14*n + 41. Is l(-3) prime?
False
Suppose -9*j - 6*j + 146040 = 0. Let w = 20033 - j. Is w composite?
True
Suppose 0*a + 3*l + 84 = 4*a, 2*l = 5*a - 105. Suppose -i + 232 + a = 0. Is i composite?
True
Let i(d) = -d**3 + d**2 + 18. Let s be i(0). Let q(j) = 13*j**2 + 30*j + 31. Is q(s) composite?
False
Suppose 0 = -43*c + 106*c - 3706353. Is c prime?
True
Let v = -1059 - -726. Suppose -2*q - n = -2580, -4*q = -6*q + n + 2572. Let l = q + v. Is l a composite number?
True
Let n = -23640 + 26933. Is n a composite number?
True
Is ((-42)/2310 - 4/22)*-213905 a composite number?
True
Let o be 4*(-10 - (-4 + -1)). Is (8374/(-4))/1*(o - -18) prime?
False
Let w be ((-1)/1 - -2) + 2. Let n be (-19 + (-16)/(-4))*-75. Suppose -2*h + 6*h - 1480 = g, 3*h = -w*g + n. Is h a prime number?
False
Let r(c) be the second derivative of 7*c**4/6 - c**3/6 - 9*c**2/2 - 23*c + 2. Is r(8) a prime number?
False
Let l = -26 + 17. Let u be 3 - (-3)/(l/(-42)). Let r = 21 + u. Is r composite?
True
Let f(x) = -5*x**3 - 3*x**2 - 3. Let s be f(-4). Let n be 1004 + (-112)/42*(-3)/2. Let i = s + n. Is i composite?
False
Let u be (4678/4)/(9/(-14 - 4)). Let h = 1292 - u. Is h a prime number?
True
Suppose 0 = -3*w - 6890 - 21883. Let d be -2 + -2 - w/(-3). Is ((3 - 0)/9)/((-1)/d) composite?
True
Suppose 29*b - 25*b = 50520. Let p = 21021 - b. Is p prime?
False
Let m be 0 + (3 - 10) - -4. Is m - (-241 + (5 - (5 + -3))) prime?
False
Let n be -5*1*(-1426 - 3). Suppose -2*o = -o - n. Is o a prime number?
False
Let n be 298/(-15) - (-4)/(-30). Suppose -42*r = -53*r - 2376. Is (5 + r/n)/(1/5) a prime number?
True
Let b = 19081 + 43466. Is b composite?
True
Suppose -9*r = -13*r + 4420. Suppose b = 2*i + 2*b + r, 2*b = 3*i + 1675. Is (i/12)/(((-9)/12)/3) a composite number?
True
Let r = 3306 - 2863. Is r composite?
False
Let z(w) = -w**3 + 4*w**2 + 5*w + 4. Let d be z(5). Suppose -d*y = 2*l - 4864, 4*l = 3*y + 5303 + 4458. Suppose 0 = 5*b - 7*b + l. Is b a prime number?
False
Suppose 4*b = 6*b - 88. Suppose -b + 65 = 3*i. Is i/((6/(-33))/(-2)) composite?
True
Let r = -360 + 1901. Let f = r - 900. Is f a prime number?
True
Suppose 2*j + 4 - 18 = -2*z, 0 = 4*j - 5*z - 10. Suppose -1654 + 98 = -o + b, -o - j*b + 1538 = 0. Is o prime?
True
Suppose 1938376 = 36*v + 52*v. Is v a composite number?
False
Suppose 0 = -5*t - 4*v + 2453023, 243*v = 246*v - 6. Is t composite?
True
Suppose 0 = -a + 1, -b + 319342 + 147458 = -a. Is b prime?
True
Suppose -3683 = -10*u + 39767 + 25920. Is u composite?
True
Let o(j) = -3*j**3 - 2 + 33*j**2 + 34*j**2 - 68*j**2 - j. Let b = -3 - 2. Is o(b) composite?
False
Let w(o) = 15524*o**2 + 20*o - 93. Is w(4) a composite number?
False
Suppose 6 = 5*i + 26. Let j be -3*i/3 - 0. Suppose -j*h - 2 = -6*h, -h = m - 3206. Is m prime?
False
Let m(d) = 3*d - 9. Let k be m(3). Suppose j = 0, k = 2*v + j + 1 - 11. Suppose u - 253 = c + 3*c, v*c = 3*u - 766. Is u a prime number?
True
Let b(p) be the third derivative of 1/60*p**6 + 3*p**2 + 0 - 7/6*p**3 + 0*p - 1/24*p**4 + 1/12*p**5. Is b(3) a composite number?
False
Let m(n) = 182084*n**2 + 9*n + 6. Is m(-1) composite?
True
Suppose 0 = 4*t - 3*z - 5, 2*t - z = 5*t - 20. Suppose -i = i - g - 1115, -2789 = -t*i + 4*g. Is i a composite number?
False
Suppose -4*x = -n + 5*n + 24, -4*n - 3*x = 28. Is (1814/(-2))/((15/n)/3) composite?
True
Suppose -263387 - 58268 = -23*j. Is j composite?
True
Let y(j) = 142*j - 3504. Is y(109) composite?
True
Is (-6067549)/(-9) - 5660/5094 a composite number?
True
Suppose -68*b + 1304 = -70*b. Let q = 3579 + b. Is q composite?
False
Let u = 2956 + 1720. Let k = u + -1559. Suppose -c - k = -5*o - 2*c, 4*o + 5*c = 2502. Is o prime?
False
Let z = -31083 + 19825. Let b = z + 30117. Is b a composite number?
False
Let d be 5